*h - 19690. Calculate the remainder when z is divided by 42.
38
Let g = 4193 - 4034. What is the remainder when g is divided by 28?
19
Let w = -119 + 157. Let q = -94 + 317. Suppose -6*g + 2*g = 2*r - 226, -g + q = 2*r. What is the remainder when r is divided by w?
35
Let c(z) = 6*z - 95. Let v = -985 - -1073. What is the remainder when v is divided by c(18)?
10
Suppose 5 = m + 9, -5*m - 20 = -5*h. Suppose -7*x + 291 - 235 = h. What is the remainder when 41 is divided by x?
1
Suppose 5*d + v = 149, 3*d = -239*v + 235*v + 103. Let k(r) = 2*r - 4. Suppose -27 = -3*a - 3. Calculate the remainder when d is divided by k(a).
5
Let q = -2399 - -2456. What is the remainder when 216 is divided by q?
45
Let b(m) = 14*m + 879. Let l = -43 + 61. Calculate the remainder when b(-60) is divided by l.
3
Let q be 9/6 + 3/(-6). Suppose -1173 = -18*k + 951. What is the remainder when k is divided by (q - -16) + 0 + -2?
13
Let d(u) = -42*u + 113. What is the remainder when d(-2) is divided by (66/(5 - 3))/1?
32
Let v(f) = 97*f**2 - f. Let j be v(-1). Let d = j - 64. Let k = -23 + d. What is the remainder when 74 is divided by k?
8
Let f(i) = -15*i + 1. Let s(w) = -16*w + 1. Let m(k) = -4*f(k) + 5*s(k). What is the remainder when m(-1) is divided by 12?
9
Let w = 0 + 19. Let j(y) = y**2 + 30*y + 52. Suppose -36 = -4*p - 172. What is the remainder when j(p) is divided by w?
17
What is the remainder when (-3*8/(-12))/(78/5265) is divided by 35/(2*2/4)?
30
Let r be (-317)/2*(14 - 16). Let t = -105 + r. What is the remainder when t is divided by 27?
23
Let t be 1/(-3)*-6 + 0. Let j be (t - 0 - 2) + (-24)/(-2). Let a = j + 6. What is the remainder when a is divided by 10?
8
Suppose 24 = 4*b + 4*x, 0*x = -5*x - 10. Suppose 0 = -4*v - 4*h - b + 832, 4*h = 4. Calculate the remainder when v is divided by 13.
10
Suppose 14*r = 3*b + 13*r - 237, 0 = 5*b - 4*r - 409. Calculate the remainder when 128 is divided by b.
51
Let t = 61 + -32. Let r = -18 + t. Let m(q) = 876*q + 10538. Calculate the remainder when m(-12) is divided by r.
4
Suppose 3*r = n + n + 3, -n - 2 = -2*r. Calculate the remainder when 23 is divided by r/4 + (-15)/(-4) + 8.
11
Suppose -3*o + 13*s - 9*s = -363, 2*s - 631 = -5*o. Calculate the remainder when 11997 is divided by o.
122
Let i(x) = -5*x**3 + 4*x**2 + 8*x - 13. Let a(w) = 6*w**3 - 4*w**2 - 9*w + 14. Let u(v) = -3*a(v) - 4*i(v). What is the remainder when u(4) is divided by 30?
24
Suppose 0 = 11*d - 46 - 64. Suppose 2*w = -4 + d. Calculate the remainder when 6 is divided by w.
0
Suppose 2*r - 64 = -5*p, -4*r + 0*r = p - 92. Suppose -3*h + 226 = 2*v, h = 4*v + 88 - r. Calculate the remainder when h is divided by 19.
17
Let b(h) be the third derivative of -h**4/24 - 9*h**3 - 18*h**2. Let g(t) = 2*t - 1. Let a(d) = b(d) + 6*g(d). What is the remainder when a(8) is divided by 6?
4
Suppose a + 2*a = l + 28, -4*a = -16. Calculate the remainder when (36/(-30))/(8 + (-3367)/420) is divided by 4 - (1 - l/(-1)).
15
Let j(a) = 11*a**3 - 60*a**2 + 11*a + 3. Calculate the remainder when j(6) is divided by 91.
12
Suppose -5*n + a + 138 = 0, 3*n + 5*a - 63 - 31 = 0. Suppose 17*m + n = 19*m. What is the remainder when 125 is divided by m?
13
Suppose 4*k + 40 = 2*u, 2*u + 0*u = 5*k + 35. Suppose -8*t = 3*r - 11*t - u, -51 = -5*r + 4*t. What is the remainder when 30 is divided by r?
8
Suppose -r = 3*o + r - 19, r = 2. Let l = -1841 - -1843. What is the remainder when o is divided by l?
1
Let d(n) = -3*n + 37. Let r be d(11). Suppose -r + 20 = 2*g. Suppose 0*z + 70 = 5*z. Calculate the remainder when z is divided by g.
6
Let k = -103 + 91. Suppose -3 + 4 = c, -3*c - 225 = -4*d. Let a = d + k. What is the remainder when 176 is divided by a?
41
Suppose -7*y = -5*y - 64. Suppose y + 18 = -5*m. What is the remainder when 2*(-2 - 305/m) is divided by 31?
26
Let k(v) = 24*v**2 + 141*v + 6. Calculate the remainder when 979 is divided by k(-6).
19
Let b(v) = -v**2 - 22*v + 40. Let j be b(-20). Suppose 5*f = -4*r + 68, -3*r - 5*f + j = 2*r. What is the remainder when 50 is divided by r*(-1 + 4)*(-2)/(-4)?
14
Suppose 0 = p + 2*g - 44, -4*p - 3*g + 123 = -p. Let k = p + -106. Let w = -26 - k. What is the remainder when w is divided by 15?
12
Let g(j) = -j**3 + 2*j**2 - 3*j + 1. Let k be g(0). Let l(i) = -2 + 2*i + 17*i**3 + 0*i**3 + 1. What is the remainder when 35 is divided by l(k)?
17
Let a = 1225 - 717. Let x = a + -464. What is the remainder when 127 is divided by x?
39
What is the remainder when (-4)/18 - 8*60886/(-1008) is divided by 236?
11
Suppose -51*w = -131 - 2419. What is the remainder when 249 is divided by w?
49
Suppose -d + 2 = -0*d. Suppose 0 = -v - 4*q - 2, 5*q = v - 18 + d. Calculate the remainder when v is divided by 38/14 + 22/77.
0
Suppose -71*a + 343*a = -194*a + 241854. Calculate the remainder when a is divided by 118.
47
Suppose -a + 1092 = 5*b, 2224 = 2*a + 69*b - 67*b. Calculate the remainder when a is divided by 32.
29
Let r(q) = -q**2 - 7*q + 341. Calculate the remainder when r(14) is divided by (-6)/(-15) - (-112)/20.
5
Calculate the remainder when 1595 is divided by 1/(7/(-49))*(-10 + 9).
6
Calculate the remainder when ((-7)/((-392)/(-712)))/(2/(-14)) is divided by 39.
11
Suppose 6*i - 7*i + 12 = 2*n, -4*i - 7*n = -52. What is the remainder when 5769 is divided by i?
9
Let v(t) = t**2 - 8*t - 2. Let c be v(8). Let o be (-52)/(-20) + (12/5 - 3). What is the remainder when 0 + c + (56 - (o + -2)) is divided by 14?
12
What is the remainder when 88 is divided by 4/3 + (-2769)/(-117)?
13
Let j(b) = -b**3 + 16*b**2 - 35*b + 61. Calculate the remainder when j(13) is divided by 87.
26
Let r = -4164 + 5141. What is the remainder when r is divided by 76?
65
Suppose 1 = -4*q + 13. Suppose 0 = -2*s - q*j + 180, -2*s + 60 + 132 = -3*j. Suppose 0 = -2*a + 30 + 34. Calculate the remainder when s is divided by a.
29
Let n(z) = -2*z**3 + z + 2502. Let h be n(0). Suppose -33*s + 39*s = h. What is the remainder when s is divided by 20?
17
Let b = 71 + -67. Suppose -n - b*f = -50, -104 = -3*n - 4*f + 70. What is the remainder when 371 is divided by n?
61
Suppose -471 - 320 = -7*l. Let t(r) = r**3 - 7*r**2 - 4*r + 5. What is the remainder when l is divided by t(8)?
2
Let c(n) = -2*n - 41. Let z be c(-23). Let o(b) = -b**2 + 9*b - 5. Let a be o(z). Suppose -a*h + 31 + 44 = 0. What is the remainder when 43 is divided by h?
3
Let x be -2 + 3 - (-417)/(-6)*-2. Suppose -144*y + 524 = -x*y. Calculate the remainder when y is divided by 36.
23
Let i(y) = y**2 - 10*y + 14. Let g be i(9). Suppose g*l - 15 = -3*s + 2, 4*l + 5*s = 11. What is the remainder when 44 is divided by l?
0
Let x(z) = -z**2 - 16*z - 36. Let h be x(-8). Suppose 32*n - h*n - 12 = 0. Let w = 76 - 62. Calculate the remainder when w is divided by n.
2
Suppose -21*q + 440 = 4*l - 25*q, l + 3*q = 98. Calculate the remainder when 956 is divided by l.
100
Let k(i) = i**3 + 6*i**2 - 6*i - 6. Calculate the remainder when k(-6) is divided by ((-280)/(-70))/(4/(-3)) + 17.
2
Let i = 36 + -72. Let o = -36 - i. Suppose o = 7*l - 8 - 6. What is the remainder when 3 is divided by l?
1
Let g(n) = -20*n - 2. Let m be (900/2)/((-57)/(-38)). Suppose 3*s = -2*i - 0*i + 150, 4*i - m = 2*s. What is the remainder when i is divided by g(-2)?
37
Suppose 2*n = -n - q + 9, n = -2*q + 8. Suppose -n*c - 74 = -2*f - f, -2*f + c = -48. Calculate the remainder when 56 is divided by f.
12
Let x be (-392)/(-20) + -8 - 4/(-10). Suppose 0 = -5*i + 4*n + 1400, 4*n - 588 = 10*i - x*i. Calculate the remainder when i is divided by 24.
20
Calculate the remainder when (-10 - 1495/(-10))*(-2 + 4) + 3 is divided by 99.
84
Suppose -d = 0, -2*d + d = -f + 23. Suppose -f - 193 = -8*p. Suppose 5*t + 55 = 4*v, 0*t = -2*v - t + 31. Calculate the remainder when p is divided by v.
12
Let g = -3361 - -3532. What is the remainder when 472 is divided by g?
130
Suppose 46 = 5*b - 49. Calculate the remainder when 683 is divided by b.
18
Suppose 2*t + 3*i - 17342 = 0, t + 5*i + 34596 = 5*t. What is the remainder when t is divided by 76?
71
Suppose -807*i + 802*i - 2*f + 319 = 0, 0 = -2*i + 3*f + 139. Calculate the remainder when 4872 is divided by i.
62
Suppose 5*u + 46 = 28*u. Calculate the remainder when (84/14)/(u/84*4) is divided by 6.
3
Suppose 5*z = 15*z -